{"id":294,"date":"2020-11-17T14:37:32","date_gmt":"2020-11-17T13:37:32","guid":{"rendered":"http:\/\/www.labernassiere.fr\/?post_type=product&#038;p=294"},"modified":"2020-11-17T14:37:32","modified_gmt":"2020-11-17T13:37:32","slug":"coffrets-aperi-chevres","status":"publish","type":"product","link":"https:\/\/www.labernassiere.fr\/index.php\/produit\/coffrets-aperi-chevres\/","title":{"rendered":"Coffrets \u00ab\u00a0Ap\u00e9ri ch\u00e8vres\u00a0\u00bb"},"content":{"rendered":"","protected":false},"excerpt":{"rendered":"<p>Entre amis ou en famille, envie d&rsquo;un ap\u00e9ro ch\u00e8vrement bon. Nous vous proposons nos coffrets <strong>\u00ab\u00a0Ap\u00e9ri ch\u00e8vres\u00a0\u00bb<\/strong> \u00e0 composer vous m\u00eame, petits bouchons ap\u00e9ro (aromates au choix) ainsi que des palets demi-sec. <strong>Sur commande uniquement<\/strong><\/p>\n","protected":false},"featured_media":286,"template":"","meta":{"_et_pb_use_builder":"","_et_pb_old_content":"","_et_gb_content_width":""},"_links":{"self":[{"href":"https:\/\/www.labernassiere.fr\/index.php\/wp-json\/wp\/v2\/product\/294"}],"collection":[{"href":"https:\/\/www.labernassiere.fr\/index.php\/wp-json\/wp\/v2\/product"}],"about":[{"href":"https:\/\/www.labernassiere.fr\/index.php\/wp-json\/wp\/v2\/types\/product"}],"wp:featuredmedia":[{"embeddable":true,"href":"https:\/\/www.labernassiere.fr\/index.php\/wp-json\/wp\/v2\/media\/286"}],"wp:attachment":[{"href":"https:\/\/www.labernassiere.fr\/index.php\/wp-json\/wp\/v2\/media?parent=294"}],"curies":[{"name":"wp","href":"https:\/\/api.w.org\/{rel}","templated":true}]}}