{"id":274,"date":"2020-11-17T14:07:11","date_gmt":"2020-11-17T13:07:11","guid":{"rendered":"http:\/\/www.labernassiere.fr\/?post_type=product&#038;p=274"},"modified":"2020-11-17T14:07:12","modified_gmt":"2020-11-17T13:07:12","slug":"steak-hache","status":"publish","type":"product","link":"https:\/\/www.labernassiere.fr\/index.php\/produit\/steak-hache\/","title":{"rendered":"Steak hach\u00e9"},"content":{"rendered":"","protected":false},"excerpt":{"rendered":"<p>Steak hach\u00e9 de ch\u00e8vre<\/p>\n","protected":false},"featured_media":267,"template":"","meta":{"_et_pb_use_builder":"","_et_pb_old_content":"","_et_gb_content_width":""},"_links":{"self":[{"href":"https:\/\/www.labernassiere.fr\/index.php\/wp-json\/wp\/v2\/product\/274"}],"collection":[{"href":"https:\/\/www.labernassiere.fr\/index.php\/wp-json\/wp\/v2\/product"}],"about":[{"href":"https:\/\/www.labernassiere.fr\/index.php\/wp-json\/wp\/v2\/types\/product"}],"wp:featuredmedia":[{"embeddable":true,"href":"https:\/\/www.labernassiere.fr\/index.php\/wp-json\/wp\/v2\/media\/267"}],"wp:attachment":[{"href":"https:\/\/www.labernassiere.fr\/index.php\/wp-json\/wp\/v2\/media?parent=274"}],"curies":[{"name":"wp","href":"https:\/\/api.w.org\/{rel}","templated":true}]}}